{"id":10,"date":"2024-11-25T16:33:07","date_gmt":"2024-11-25T15:33:07","guid":{"rendered":"https:\/\/tarotistamaria.es\/?page_id=10"},"modified":"2024-11-25T17:00:03","modified_gmt":"2024-11-25T16:00:03","slug":"inicio","status":"publish","type":"page","link":"https:\/\/tarotistamaria.es\/","title":{"rendered":"Inicio"},"content":{"rendered":"\n<p>Utiliza todas tus herramientas para iniciar aquello que te propongas. Haz una introspecci\u00f3n interna en base a tus experiencias para ver que camino has de seguir. Cambia tu manera de pensar y de actuar en aquellas ocasiones que sean necesarias, para que tu vida sea m\u00e1s f\u00e1cil y m\u00e1s feliz. Avanza y toma aquel camino que te lleve al \u00e9xito, t\u00fa puedes. Tienes todos los elementos para lograr la plenitud y la felicidad. Arri\u00e9sgate, s\u00e9 innovador, busca objetivos para salir de la monoton\u00eda, y ponles fin cuando creas conveniente. Al fin y al cabo el destino est\u00e1 en tus manos.<\/p>\n\n\n\n<figure class=\"wp-block-image aligncenter size-full\"><img loading=\"lazy\" decoding=\"async\" width=\"1024\" height=\"1024\" src=\"https:\/\/tarotistamaria.es\/wp-content\/uploads\/2024\/11\/Fondo-1.webp\" alt=\"Tarotista Mar\u00eda\" class=\"wp-image-38\" srcset=\"https:\/\/tarotistamaria.es\/wp-content\/uploads\/2024\/11\/Fondo-1.webp 1024w, https:\/\/tarotistamaria.es\/wp-content\/uploads\/2024\/11\/Fondo-1-300x300.webp 300w, https:\/\/tarotistamaria.es\/wp-content\/uploads\/2024\/11\/Fondo-1-150x150.webp 150w, https:\/\/tarotistamaria.es\/wp-content\/uploads\/2024\/11\/Fondo-1-768x768.webp 768w\" sizes=\"auto, (max-width: 1024px) 100vw, 1024px\" \/><\/figure>\n\n\n\n<h2 class=\"wp-block-heading\">Soy Mar\u00eda<\/h2>\n\n\n\n<p>En un mundo lleno de preguntas y decisiones importantes, me quiero presentar como tu gu\u00eda espiritual de confianza. Con a\u00f1os de experiencia en el arte del tarot, combino sabidur\u00eda ancestral, intuici\u00f3n y un enfoque cercano para ayudarte a encontrar claridad en los momentos m\u00e1s inciertos de tu vida. Ya sea que busques respuestas sobre el <strong>amor<\/strong>, la <strong>prosperidad<\/strong> o tu <strong>prop\u00f3sito de vida<\/strong>, te ofrezco lecturas personalizadas y llenas de significado, dise\u00f1adas para iluminar tu camino y empoderarte con cada consulta.<\/p>\n\n\n\n<p><strong>Conmigo, cada carta es una puerta hacia el autodescubrimiento y la transformaci\u00f3n.<\/strong> \u00a1Atr\u00e9vete a dar el primer paso y conecta con el destino que te pertenece!<\/p>\n","protected":false},"excerpt":{"rendered":"<p>Utiliza todas tus herramientas para iniciar aquello que te propongas. Haz una introspecci\u00f3n interna en base a tus experiencias para [&hellip;]<\/p>\n","protected":false},"author":1,"featured_media":0,"parent":0,"menu_order":0,"comment_status":"closed","ping_status":"closed","template":"","meta":{"_uag_custom_page_level_css":"","site-sidebar-layout":"default","site-content-layout":"","ast-site-content-layout":"default","site-content-style":"default","site-sidebar-style":"default","ast-global-header-display":"","ast-banner-title-visibility":"","ast-main-header-display":"","ast-hfb-above-header-display":"","ast-hfb-below-header-display":"","ast-hfb-mobile-header-display":"","site-post-title":"","ast-breadcrumbs-content":"","ast-featured-img":"","footer-sml-layout":"","ast-disable-related-posts":"","theme-transparent-header-meta":"","adv-header-id-meta":"","stick-header-meta":"","header-above-stick-meta":"","header-main-stick-meta":"","header-below-stick-meta":"","astra-migrate-meta-layouts":"default","ast-page-background-enabled":"default","ast-page-background-meta":{"desktop":{"background-color":"var(--ast-global-color-4)","background-image":"","background-repeat":"repeat","background-position":"center center","background-size":"auto","background-attachment":"scroll","background-type":"","background-media":"","overlay-type":"","overlay-color":"","overlay-opacity":"","overlay-gradient":""},"tablet":{"background-color":"","background-image":"","background-repeat":"repeat","background-position":"center center","background-size":"auto","background-attachment":"scroll","background-type":"","background-media":"","overlay-type":"","overlay-color":"","overlay-opacity":"","overlay-gradient":""},"mobile":{"background-color":"","background-image":"","background-repeat":"repeat","background-position":"center center","background-size":"auto","background-attachment":"scroll","background-type":"","background-media":"","overlay-type":"","overlay-color":"","overlay-opacity":"","overlay-gradient":""}},"ast-content-background-meta":{"desktop":{"background-color":"var(--ast-global-color-5)","background-image":"","background-repeat":"repeat","background-position":"center center","background-size":"auto","background-attachment":"scroll","background-type":"","background-media":"","overlay-type":"","overlay-color":"","overlay-opacity":"","overlay-gradient":""},"tablet":{"background-color":"var(--ast-global-color-5)","background-image":"","background-repeat":"repeat","background-position":"center center","background-size":"auto","background-attachment":"scroll","background-type":"","background-media":"","overlay-type":"","overlay-color":"","overlay-opacity":"","overlay-gradient":""},"mobile":{"background-color":"var(--ast-global-color-5)","background-image":"","background-repeat":"repeat","background-position":"center center","background-size":"auto","background-attachment":"scroll","background-type":"","background-media":"","overlay-type":"","overlay-color":"","overlay-opacity":"","overlay-gradient":""}},"footnotes":""},"class_list":["post-10","page","type-page","status-publish","hentry"],"yoast_head":"<!-- This site is optimized with the Yoast SEO plugin v26.8 - https:\/\/yoast.com\/product\/yoast-seo-wordpress\/ -->\n<title>Inicio - Tarotista Mar\u00eda<\/title>\n<meta name=\"robots\" content=\"index, follow, max-snippet:-1, max-image-preview:large, max-video-preview:-1\" \/>\n<link rel=\"canonical\" href=\"https:\/\/tarotistamaria.es\/\" \/>\n<meta property=\"og:locale\" content=\"es_ES\" \/>\n<meta property=\"og:type\" content=\"article\" \/>\n<meta property=\"og:title\" content=\"Inicio - Tarotista Mar\u00eda\" \/>\n<meta property=\"og:description\" content=\"Utiliza todas tus herramientas para iniciar aquello que te propongas. Haz una introspecci\u00f3n interna en base a tus experiencias para [&hellip;]\" \/>\n<meta property=\"og:url\" content=\"https:\/\/tarotistamaria.es\/\" \/>\n<meta property=\"og:site_name\" content=\"Tarotista Mar\u00eda\" \/>\n<meta property=\"article:modified_time\" content=\"2024-11-25T16:00:03+00:00\" \/>\n<meta property=\"og:image\" content=\"https:\/\/tarotistamaria.es\/wp-content\/uploads\/2024\/11\/Fondo-1.webp\" \/>\n\t<meta property=\"og:image:width\" content=\"1024\" \/>\n\t<meta property=\"og:image:height\" content=\"1024\" \/>\n\t<meta property=\"og:image:type\" content=\"image\/webp\" \/>\n<meta name=\"twitter:card\" content=\"summary_large_image\" \/>\n<meta name=\"twitter:label1\" content=\"Tiempo de lectura\" \/>\n\t<meta name=\"twitter:data1\" content=\"1 minuto\" \/>\n<script type=\"application\/ld+json\" class=\"yoast-schema-graph\">{\"@context\":\"https:\/\/schema.org\",\"@graph\":[{\"@type\":\"WebPage\",\"@id\":\"https:\/\/tarotistamaria.es\/\",\"url\":\"https:\/\/tarotistamaria.es\/\",\"name\":\"Inicio - Tarotista Mar\u00eda\",\"isPartOf\":{\"@id\":\"https:\/\/tarotistamaria.es\/#website\"},\"primaryImageOfPage\":{\"@id\":\"https:\/\/tarotistamaria.es\/#primaryimage\"},\"image\":{\"@id\":\"https:\/\/tarotistamaria.es\/#primaryimage\"},\"thumbnailUrl\":\"https:\/\/tarotistamaria.es\/wp-content\/uploads\/2024\/11\/Fondo-1.webp\",\"datePublished\":\"2024-11-25T15:33:07+00:00\",\"dateModified\":\"2024-11-25T16:00:03+00:00\",\"breadcrumb\":{\"@id\":\"https:\/\/tarotistamaria.es\/#breadcrumb\"},\"inLanguage\":\"es\",\"potentialAction\":[{\"@type\":\"ReadAction\",\"target\":[\"https:\/\/tarotistamaria.es\/\"]}]},{\"@type\":\"ImageObject\",\"inLanguage\":\"es\",\"@id\":\"https:\/\/tarotistamaria.es\/#primaryimage\",\"url\":\"https:\/\/tarotistamaria.es\/wp-content\/uploads\/2024\/11\/Fondo-1.webp\",\"contentUrl\":\"https:\/\/tarotistamaria.es\/wp-content\/uploads\/2024\/11\/Fondo-1.webp\",\"width\":1024,\"height\":1024},{\"@type\":\"BreadcrumbList\",\"@id\":\"https:\/\/tarotistamaria.es\/#breadcrumb\",\"itemListElement\":[{\"@type\":\"ListItem\",\"position\":1,\"name\":\"Portada\",\"item\":\"https:\/\/tarotistamaria.es\/\"},{\"@type\":\"ListItem\",\"position\":2,\"name\":\"Inicio\"}]},{\"@type\":\"WebSite\",\"@id\":\"https:\/\/tarotistamaria.es\/#website\",\"url\":\"https:\/\/tarotistamaria.es\/\",\"name\":\"Tarotista Mar\u00eda\",\"description\":\"Resuelve tus dudas, abraza tu destino\",\"publisher\":{\"@id\":\"https:\/\/tarotistamaria.es\/#\/schema\/person\/6bb00178e5e446aef5ed642e768d0b74\"},\"potentialAction\":[{\"@type\":\"SearchAction\",\"target\":{\"@type\":\"EntryPoint\",\"urlTemplate\":\"https:\/\/tarotistamaria.es\/?s={search_term_string}\"},\"query-input\":{\"@type\":\"PropertyValueSpecification\",\"valueRequired\":true,\"valueName\":\"search_term_string\"}}],\"inLanguage\":\"es\"},{\"@type\":[\"Person\",\"Organization\"],\"@id\":\"https:\/\/tarotistamaria.es\/#\/schema\/person\/6bb00178e5e446aef5ed642e768d0b74\",\"name\":\"Maria\",\"image\":{\"@type\":\"ImageObject\",\"inLanguage\":\"es\",\"@id\":\"https:\/\/tarotistamaria.es\/#\/schema\/person\/image\/\",\"url\":\"https:\/\/tarotistamaria.es\/wp-content\/uploads\/2024\/11\/2024-11-25-Tarotista-Maria-Logo.png\",\"contentUrl\":\"https:\/\/tarotistamaria.es\/wp-content\/uploads\/2024\/11\/2024-11-25-Tarotista-Maria-Logo.png\",\"width\":500,\"height\":500,\"caption\":\"Maria\"},\"logo\":{\"@id\":\"https:\/\/tarotistamaria.es\/#\/schema\/person\/image\/\"},\"sameAs\":[\"https:\/\/tarotistamaria.es\"]}]}<\/script>\n<!-- \/ Yoast SEO plugin. -->","yoast_head_json":{"title":"Inicio - Tarotista Mar\u00eda","robots":{"index":"index","follow":"follow","max-snippet":"max-snippet:-1","max-image-preview":"max-image-preview:large","max-video-preview":"max-video-preview:-1"},"canonical":"https:\/\/tarotistamaria.es\/","og_locale":"es_ES","og_type":"article","og_title":"Inicio - Tarotista Mar\u00eda","og_description":"Utiliza todas tus herramientas para iniciar aquello que te propongas. Haz una introspecci\u00f3n interna en base a tus experiencias para [&hellip;]","og_url":"https:\/\/tarotistamaria.es\/","og_site_name":"Tarotista Mar\u00eda","article_modified_time":"2024-11-25T16:00:03+00:00","og_image":[{"width":1024,"height":1024,"url":"https:\/\/tarotistamaria.es\/wp-content\/uploads\/2024\/11\/Fondo-1.webp","type":"image\/webp"}],"twitter_card":"summary_large_image","twitter_misc":{"Tiempo de lectura":"1 minuto"},"schema":{"@context":"https:\/\/schema.org","@graph":[{"@type":"WebPage","@id":"https:\/\/tarotistamaria.es\/","url":"https:\/\/tarotistamaria.es\/","name":"Inicio - Tarotista Mar\u00eda","isPartOf":{"@id":"https:\/\/tarotistamaria.es\/#website"},"primaryImageOfPage":{"@id":"https:\/\/tarotistamaria.es\/#primaryimage"},"image":{"@id":"https:\/\/tarotistamaria.es\/#primaryimage"},"thumbnailUrl":"https:\/\/tarotistamaria.es\/wp-content\/uploads\/2024\/11\/Fondo-1.webp","datePublished":"2024-11-25T15:33:07+00:00","dateModified":"2024-11-25T16:00:03+00:00","breadcrumb":{"@id":"https:\/\/tarotistamaria.es\/#breadcrumb"},"inLanguage":"es","potentialAction":[{"@type":"ReadAction","target":["https:\/\/tarotistamaria.es\/"]}]},{"@type":"ImageObject","inLanguage":"es","@id":"https:\/\/tarotistamaria.es\/#primaryimage","url":"https:\/\/tarotistamaria.es\/wp-content\/uploads\/2024\/11\/Fondo-1.webp","contentUrl":"https:\/\/tarotistamaria.es\/wp-content\/uploads\/2024\/11\/Fondo-1.webp","width":1024,"height":1024},{"@type":"BreadcrumbList","@id":"https:\/\/tarotistamaria.es\/#breadcrumb","itemListElement":[{"@type":"ListItem","position":1,"name":"Portada","item":"https:\/\/tarotistamaria.es\/"},{"@type":"ListItem","position":2,"name":"Inicio"}]},{"@type":"WebSite","@id":"https:\/\/tarotistamaria.es\/#website","url":"https:\/\/tarotistamaria.es\/","name":"Tarotista Mar\u00eda","description":"Resuelve tus dudas, abraza tu destino","publisher":{"@id":"https:\/\/tarotistamaria.es\/#\/schema\/person\/6bb00178e5e446aef5ed642e768d0b74"},"potentialAction":[{"@type":"SearchAction","target":{"@type":"EntryPoint","urlTemplate":"https:\/\/tarotistamaria.es\/?s={search_term_string}"},"query-input":{"@type":"PropertyValueSpecification","valueRequired":true,"valueName":"search_term_string"}}],"inLanguage":"es"},{"@type":["Person","Organization"],"@id":"https:\/\/tarotistamaria.es\/#\/schema\/person\/6bb00178e5e446aef5ed642e768d0b74","name":"Maria","image":{"@type":"ImageObject","inLanguage":"es","@id":"https:\/\/tarotistamaria.es\/#\/schema\/person\/image\/","url":"https:\/\/tarotistamaria.es\/wp-content\/uploads\/2024\/11\/2024-11-25-Tarotista-Maria-Logo.png","contentUrl":"https:\/\/tarotistamaria.es\/wp-content\/uploads\/2024\/11\/2024-11-25-Tarotista-Maria-Logo.png","width":500,"height":500,"caption":"Maria"},"logo":{"@id":"https:\/\/tarotistamaria.es\/#\/schema\/person\/image\/"},"sameAs":["https:\/\/tarotistamaria.es"]}]}},"uagb_featured_image_src":{"full":false,"thumbnail":false,"medium":false,"medium_large":false,"large":false,"1536x1536":false,"2048x2048":false},"uagb_author_info":{"display_name":"Maria","author_link":"https:\/\/tarotistamaria.es\/index.php\/author\/maria\/"},"uagb_comment_info":0,"uagb_excerpt":"Utiliza todas tus herramientas para iniciar aquello que te propongas. Haz una introspecci\u00f3n interna en base a tus experiencias para [&hellip;]","_links":{"self":[{"href":"https:\/\/tarotistamaria.es\/index.php\/wp-json\/wp\/v2\/pages\/10","targetHints":{"allow":["GET"]}}],"collection":[{"href":"https:\/\/tarotistamaria.es\/index.php\/wp-json\/wp\/v2\/pages"}],"about":[{"href":"https:\/\/tarotistamaria.es\/index.php\/wp-json\/wp\/v2\/types\/page"}],"author":[{"embeddable":true,"href":"https:\/\/tarotistamaria.es\/index.php\/wp-json\/wp\/v2\/users\/1"}],"replies":[{"embeddable":true,"href":"https:\/\/tarotistamaria.es\/index.php\/wp-json\/wp\/v2\/comments?post=10"}],"version-history":[{"count":6,"href":"https:\/\/tarotistamaria.es\/index.php\/wp-json\/wp\/v2\/pages\/10\/revisions"}],"predecessor-version":[{"id":41,"href":"https:\/\/tarotistamaria.es\/index.php\/wp-json\/wp\/v2\/pages\/10\/revisions\/41"}],"wp:attachment":[{"href":"https:\/\/tarotistamaria.es\/index.php\/wp-json\/wp\/v2\/media?parent=10"}],"curies":[{"name":"wp","href":"https:\/\/api.w.org\/{rel}","templated":true}]}}